{"id":1234,"date":"2019-04-15T15:10:03","date_gmt":"2019-04-15T15:10:03","guid":{"rendered":"https:\/\/new.naturaglamping.com\/?page_id=1234"},"modified":"2021-09-05T23:23:33","modified_gmt":"2021-09-05T23:23:33","slug":"sustentabilidade","status":"publish","type":"page","link":"https:\/\/naturaglamping.com\/clone_1\/sustentabilidade\/","title":{"rendered":"Sustentabilidade"},"content":{"rendered":"\t\t<div data-elementor-type=\"wp-post\" data-elementor-id=\"1234\" class=\"elementor elementor-1234\">\n\t\t\t\t\t\t<div class=\"elementor-inner\">\n\t\t\t\t<div class=\"elementor-section-wrap\">\n\t\t\t\t\t\t\t\t\t<section class=\"elementor-section elementor-top-section elementor-element elementor-element-720d2f84 elementor-section-boxed elementor-section-height-default elementor-section-height-default\" data-id=\"720d2f84\" data-element_type=\"section\" data-settings=\"{&quot;background_background&quot;:&quot;classic&quot;}\">\n\t\t\t\t\t\t<div class=\"elementor-container elementor-column-gap-no\">\n\t\t\t\t\t\t\t<div class=\"elementor-row\">\n\t\t\t\t\t<div class=\"elementor-column elementor-col-50 elementor-top-column elementor-element elementor-element-22f2a7a4\" data-id=\"22f2a7a4\" data-element_type=\"column\">\n\t\t\t<div class=\"elementor-column-wrap elementor-element-populated\">\n\t\t\t\t\t\t\t<div class=\"elementor-widget-wrap\">\n\t\t\t\t\t\t<div class=\"elementor-element elementor-element-93b04b0 elementor-widget elementor-widget-text-editor\" data-id=\"93b04b0\" data-element_type=\"widget\" data-widget_type=\"text-editor.default\">\n\t\t\t\t<div class=\"elementor-widget-container\">\n\t\t\t\t\t\t\t\t<div class=\"elementor-text-editor elementor-clearfix\">\n\t\t\t\t<h2 class=\"elementor-heading-title elementor-size-default elementor-inline-editing pen\" style=\"color: #635537; margin-bottom: 0px; padding: 0px;\" data-elementor-setting-key=\"title\" data-pen-placeholder=\"Digite aqui...\">Sustentabilidade<\/h2>\t\t\t\t\t<\/div>\n\t\t\t\t\t\t<\/div>\n\t\t\t\t<\/div>\n\t\t\t\t<div class=\"elementor-element elementor-element-646ba50b elementor-widget elementor-widget-heading\" data-id=\"646ba50b\" data-element_type=\"widget\" data-widget_type=\"heading.default\">\n\t\t\t\t<div class=\"elementor-widget-container\">\n\t\t\t<h3 class=\"elementor-heading-title elementor-size-default\"><br>\nPol\u00edtica de Turismo Respons\u00e1vel<\/h3>\t\t<\/div>\n\t\t\t\t<\/div>\n\t\t\t\t<div class=\"elementor-element elementor-element-92d8ed8 elementor-widget elementor-widget-spacer\" data-id=\"92d8ed8\" data-element_type=\"widget\" data-widget_type=\"spacer.default\">\n\t\t\t\t<div class=\"elementor-widget-container\">\n\t\t\t\t\t<div class=\"elementor-spacer\">\n\t\t\t<div class=\"elementor-spacer-inner\"><\/div>\n\t\t<\/div>\n\t\t\t\t<\/div>\n\t\t\t\t<\/div>\n\t\t\t\t<section class=\"elementor-section elementor-inner-section elementor-element elementor-element-c8983ad elementor-section-boxed elementor-section-height-default elementor-section-height-default\" data-id=\"c8983ad\" data-element_type=\"section\">\n\t\t\t\t\t\t<div class=\"elementor-container elementor-column-gap-default\">\n\t\t\t\t\t\t\t<div class=\"elementor-row\">\n\t\t\t\t\t<div class=\"elementor-column elementor-col-50 elementor-inner-column elementor-element elementor-element-e588b42\" data-id=\"e588b42\" data-element_type=\"column\">\n\t\t\t<div class=\"elementor-column-wrap elementor-element-populated\">\n\t\t\t\t\t\t\t<div class=\"elementor-widget-wrap\">\n\t\t\t\t\t\t<div class=\"elementor-element elementor-element-2e76500 elementor-widget elementor-widget-image\" data-id=\"2e76500\" data-element_type=\"widget\" data-widget_type=\"image.default\">\n\t\t\t\t<div class=\"elementor-widget-container\">\n\t\t\t\t\t\t\t\t<div class=\"elementor-image\">\n\t\t\t\t\t\t\t\t\t\t\t\t<img src=\"https:\/\/naturaglamping.com\/clone_1\/wp-content\/uploads\/2019\/05\/manual_sustentabilidade_v2-100x100.png\" title=\"manual_sustentabilidade_v2\" alt=\"manual_sustentabilidade_v2\" \/>\t\t\t\t\t\t\t\t\t\t\t\t\t\t<\/div>\n\t\t\t\t\t\t<\/div>\n\t\t\t\t<\/div>\n\t\t\t\t\t\t<\/div>\n\t\t\t\t\t<\/div>\n\t\t<\/div>\n\t\t\t\t<div class=\"elementor-column elementor-col-50 elementor-inner-column elementor-element elementor-element-73e6117\" data-id=\"73e6117\" data-element_type=\"column\">\n\t\t\t<div class=\"elementor-column-wrap elementor-element-populated\">\n\t\t\t\t\t\t\t<div class=\"elementor-widget-wrap\">\n\t\t\t\t\t\t<div class=\"elementor-element elementor-element-aa8f9de elementor-widget elementor-widget-image\" data-id=\"aa8f9de\" data-element_type=\"widget\" data-widget_type=\"image.default\">\n\t\t\t\t<div class=\"elementor-widget-container\">\n\t\t\t\t\t\t\t\t<div class=\"elementor-image\">\n\t\t\t\t\t\t\t\t\t\t\t\t<img width=\"150\" height=\"150\" src=\"https:\/\/naturaglamping.com\/clone_1\/wp-content\/uploads\/2019\/05\/biosphere_committed_company-150x150.png\" class=\"attachment-thumbnail size-thumbnail\" alt=\"\" loading=\"lazy\" srcset=\"https:\/\/naturaglamping.com\/clone_1\/wp-content\/uploads\/2019\/05\/biosphere_committed_company-150x150.png 150w, https:\/\/naturaglamping.com\/clone_1\/wp-content\/uploads\/2019\/05\/biosphere_committed_company-100x100.png 100w\" sizes=\"(max-width: 150px) 100vw, 150px\" \/>\t\t\t\t\t\t\t\t\t\t\t\t\t\t<\/div>\n\t\t\t\t\t\t<\/div>\n\t\t\t\t<\/div>\n\t\t\t\t\t\t<\/div>\n\t\t\t\t\t<\/div>\n\t\t<\/div>\n\t\t\t\t\t\t\t\t<\/div>\n\t\t\t\t\t<\/div>\n\t\t<\/section>\n\t\t\t\t<div class=\"elementor-element elementor-element-813fec2 elementor-widget elementor-widget-spacer\" data-id=\"813fec2\" data-element_type=\"widget\" data-widget_type=\"spacer.default\">\n\t\t\t\t<div class=\"elementor-widget-container\">\n\t\t\t\t\t<div class=\"elementor-spacer\">\n\t\t\t<div class=\"elementor-spacer-inner\"><\/div>\n\t\t<\/div>\n\t\t\t\t<\/div>\n\t\t\t\t<\/div>\n\t\t\t\t<div class=\"elementor-element elementor-element-7ad7d88 e-grid-align-mobile-left elementor-shape-rounded elementor-grid-0 e-grid-align-center elementor-widget elementor-widget-social-icons\" data-id=\"7ad7d88\" data-element_type=\"widget\" data-widget_type=\"social-icons.default\">\n\t\t\t\t<div class=\"elementor-widget-container\">\n\t\t\t\t\t<div class=\"elementor-social-icons-wrapper elementor-grid\">\n\t\t\t\t\t\t\t<span class=\"elementor-grid-item\">\n\t\t\t\t\t<a class=\"elementor-icon elementor-social-icon elementor-social-icon-twitter elementor-animation-grow elementor-repeater-item-acf3d46\" href=\"https:\/\/twitter.com\/natura_glamping\" target=\"_blank\">\n\t\t\t\t\t\t<span class=\"elementor-screen-only\">Twitter<\/span>\n\t\t\t\t\t\t\t\t\t\t\t\t\t<i class=\"fa fa-twitter\"><\/i>\n\t\t\t\t\t\t\t\t\t\t\t<\/a>\n\t\t\t\t<\/span>\n\t\t\t\t\t\t\t<span class=\"elementor-grid-item\">\n\t\t\t\t\t<a class=\"elementor-icon elementor-social-icon elementor-social-icon-facebook elementor-animation-grow elementor-repeater-item-39026c5\" href=\"https:\/\/pt-pt.facebook.com\/naturaglamping\/\" target=\"_blank\">\n\t\t\t\t\t\t<span class=\"elementor-screen-only\">Facebook<\/span>\n\t\t\t\t\t\t\t\t\t\t\t\t\t<i class=\"fa fa-facebook\"><\/i>\n\t\t\t\t\t\t\t\t\t\t\t<\/a>\n\t\t\t\t<\/span>\n\t\t\t\t\t\t\t<span class=\"elementor-grid-item\">\n\t\t\t\t\t<a class=\"elementor-icon elementor-social-icon elementor-social-icon-instagram elementor-animation-grow elementor-repeater-item-dfe6300\" href=\"https:\/\/www.instagram.com\/explore\/tags\/naturaglamping\/\" target=\"_blank\">\n\t\t\t\t\t\t<span class=\"elementor-screen-only\">Instagram<\/span>\n\t\t\t\t\t\t\t\t\t\t\t\t\t<i class=\"fa fa-instagram\"><\/i>\n\t\t\t\t\t\t\t\t\t\t\t<\/a>\n\t\t\t\t<\/span>\n\t\t\t\t\t<\/div>\n\t\t\t\t<\/div>\n\t\t\t\t<\/div>\n\t\t\t\t\t\t<\/div>\n\t\t\t\t\t<\/div>\n\t\t<\/div>\n\t\t\t\t<div class=\"elementor-column elementor-col-50 elementor-top-column elementor-element elementor-element-2efae643\" data-id=\"2efae643\" data-element_type=\"column\">\n\t\t\t<div class=\"elementor-column-wrap elementor-element-populated\">\n\t\t\t\t\t\t\t<div class=\"elementor-widget-wrap\">\n\t\t\t\t\t\t<div class=\"elementor-element elementor-element-10464572 elementor-invisible elementor-widget elementor-widget-text-editor\" data-id=\"10464572\" data-element_type=\"widget\" data-settings=\"{&quot;_animation&quot;:&quot;fadeIn&quot;}\" data-widget_type=\"text-editor.default\">\n\t\t\t\t<div class=\"elementor-widget-container\">\n\t\t\t\t\t\t\t\t<div class=\"elementor-text-editor elementor-clearfix\">\n\t\t\t\t<p>O Natura Glamping est\u00e1 consciente da import\u00e2ncia de manter um desenvolvimento tur\u00edstico sustent\u00e1vel, assumindo os princ\u00edpios adotados especificamente na Carta Mundial de Turismo Sustent\u00e1vel. O Natura Glamping compromete-se a levar a cabo uma gest\u00e3o sustent\u00e1vel das suas atividades,,mediante a ado\u00e7\u00e3o de compromissos orientados a prevenir, eliminar ou reduzir o impacto das nossas instala\u00e7\u00f5es e atividades, tanto internas como externas, assim como otimizar a sustentabilidade do estabelecimento, melhorando o seu comportamento para com o ambiente.<br \/>Com esse prop\u00f3sito, o Natura Glamping adotou a seguinte pol\u00edtica de turismo respons\u00e1vel, mediante a qual se compromete a cumprir com os requisitos estabelecidos no referencial <em>Biosphere<\/em> que inclui, entre outros assuntos, os requisitos legais que regulam os efeitos gerados pela atividade tur\u00edstica.<\/p>\t\t\t\t\t<\/div>\n\t\t\t\t\t\t<\/div>\n\t\t\t\t<\/div>\n\t\t\t\t<div class=\"elementor-element elementor-element-5cefc89 elementor-widget elementor-widget-eael-fancy-text\" data-id=\"5cefc89\" data-element_type=\"widget\" data-widget_type=\"eael-fancy-text.default\">\n\t\t\t\t<div class=\"elementor-widget-container\">\n\t\t\t\n\t<div  class=\"eael-fancy-text-container style-1\" data-fancy-text-id=\"5cefc89\" data-fancy-text=\"|de Turismo Respons\u00e1vel atualizar-se-\u00e1 sempre que as circunst\u00e2ncias o exijam, adotando e publicando em ambos casos novos objetivos de\" data-fancy-text-transition-type=\"typing\" data-fancy-text-speed=\"50\" data-fancy-text-delay=\"2500\" data-fancy-text-cursor=\"yes\" data-fancy-text-loop=\"yes\" >\n\t\t\t\t\t<span class=\"eael-fancy-text-prefix\">Esta Pol\u00edtica  <\/span>\n\t\t\n\t\t\n\t\t\t\t\t<span id=\"eael-fancy-text-5cefc89\" class=\"eael-fancy-text-strings solid-color\">\n\t\t\t\t<noscript>\n\t\t\t\t\tde Turismo Respons\u00e1vel atualizar-se-\u00e1 sempre que as circunst\u00e2ncias o exijam, adotando e publicando em ambos casos novos objetivos de\t\t\t\t<\/noscript>\n\t\t\t<\/span>\n\t\t\n\t\t\t\t\t<span class=\"eael-fancy-text-suffix\">  sustentabilidade.<\/span>\n\t\t\t<\/div><!-- close .eael-fancy-text-container -->\n\n\t<div class=\"clearfix\"><\/div>\n\n\t\t\t<\/div>\n\t\t\t\t<\/div>\n\t\t\t\t\t\t<\/div>\n\t\t\t\t\t<\/div>\n\t\t<\/div>\n\t\t\t\t\t\t\t\t<\/div>\n\t\t\t\t\t<\/div>\n\t\t<\/section>\n\t\t\t\t<section class=\"elementor-section elementor-top-section elementor-element elementor-element-5e0e958 elementor-section-boxed elementor-section-height-default elementor-section-height-default\" data-id=\"5e0e958\" data-element_type=\"section\">\n\t\t\t\t\t\t<div class=\"elementor-container elementor-column-gap-default\">\n\t\t\t\t\t\t\t<div class=\"elementor-row\">\n\t\t\t\t\t<div class=\"elementor-column elementor-col-100 elementor-top-column elementor-element elementor-element-53793e1\" data-id=\"53793e1\" data-element_type=\"column\">\n\t\t\t<div class=\"elementor-column-wrap elementor-element-populated\">\n\t\t\t\t\t\t\t<div class=\"elementor-widget-wrap\">\n\t\t\t\t\t\t<div class=\"elementor-element elementor-element-b5c9c32 elementor-widget elementor-widget-eael-adv-tabs\" data-id=\"b5c9c32\" data-element_type=\"widget\" data-widget_type=\"eael-adv-tabs.default\">\n\t\t\t\t<div class=\"elementor-widget-container\">\n\t\t\t        <div id=\"eael-advance-tabs-b5c9c32\" class=\"eael-advance-tabs eael-tabs-horizontal eael-tab-auto-active \" data-tabid=\"b5c9c32\">\n            <div class=\"eael-tabs-nav\">\n                <ul class=\"eael-tab-top-icon\">\n                                            <li id=\"misso\" class=\"inactive eael-tab-item-trigger\" aria-selected=\"true\" data-tab=\"1\" role=\"tab\" tabindex=\"0\" aria-controls=\"misso-tab\" aria-expanded=\"false\">\n                            \n                                                                <i class=\"fas fa-home\"><\/i>                                                            \n                            \n                                                            <span class=\"eael-tab-title  title-after-icon\">Miss\u00e3o<\/span>                                                    <\/li>\n                                            <li id=\"viso\" class=\"inactive eael-tab-item-trigger\" aria-selected=\"false\" data-tab=\"2\" role=\"tab\" tabindex=\"-1\" aria-controls=\"viso-tab\" aria-expanded=\"false\">\n                            \n                                                                <i class=\"far fa-eye\"><\/i>                                                            \n                            \n                                                            <span class=\"eael-tab-title  title-after-icon\">Vis\u00e3o<\/span>                                                    <\/li>\n                                            <li id=\"valores\" class=\"inactive eael-tab-item-trigger\" aria-selected=\"false\" data-tab=\"3\" role=\"tab\" tabindex=\"-1\" aria-controls=\"valores-tab\" aria-expanded=\"false\">\n                            \n                                                                <i class=\"fas fa-plus\"><\/i>                                                            \n                            \n                                                            <span class=\"eael-tab-title  title-after-icon\">Valores<\/span>                                                    <\/li>\n                                    <\/ul>\n            <\/div>\n            \n            <div class=\"eael-tabs-content\">\n\t\t        \n                    <div id=\"misso-tab\" class=\"clearfix eael-tab-content-item inactive\" data-title-link=\"misso-tab\">\n\t\t\t\t        \t\t\t\t\t        <ul><li>Valorizar sempre os princ\u00edpios da sustentabilidade;<\/li><li>Utilizar a Serra da Gardunha como fonte de inspira\u00e7\u00e3o e promover toda a sua envolvente paisag\u00edstica ao desenvolver atividades e experi\u00eancias diversificadas ligadas \u00e0 Natureza;<\/li><li>Preservar o ambiente, incentivar a intera\u00e7\u00e3o dos h\u00f3spedes com a comunidade local e dar a conhecer as tradi\u00e7\u00f5es, costumes e cultura portuguesa;<\/li><li>Oferecer um servi\u00e7o de qualidade e diferenciador evidenciado nas suas instala\u00e7\u00f5es, na prefer\u00eancia e utiliza\u00e7\u00e3o de produtos end\u00f3genos, na oferta de experi\u00eancias diferenciadas e na proximidade e bem receber dos h\u00f3spedes.<\/li><\/ul>\t\t\t\t                            <\/div>\n\t\t        \n                    <div id=\"viso-tab\" class=\"clearfix eael-tab-content-item inactive\" data-title-link=\"viso-tab\">\n\t\t\t\t        \t\t\t\t\t        <p>\u00a0<\/p><p>Apostamos num conceito ecol\u00f3gico, glamoroso e inovador do Turismo de Natureza, bem como<br \/>num servi\u00e7o de qualidade diferenciador, tendo em conta a diversifica\u00e7\u00e3o da oferta de experi\u00eancias, contribuindo assim para o desenvolvimento do turismo na regi\u00e3o, nomeadamente no Fund\u00e3o.<\/p>\t\t\t\t                            <\/div>\n\t\t        \n                    <div id=\"valores-tab\" class=\"clearfix eael-tab-content-item inactive\" data-title-link=\"valores-tab\">\n\t\t\t\t        \t\t\t\t\t        <ul>\n \t<li>Sustentabilidade ambiental, social e econ\u00f3mica;<\/li>\n \t<li>Inova\u00e7\u00e3o;<\/li>\n \t<li>Tranquilidade;<\/li>\n \t<li>Valoriza\u00e7\u00e3o por produtos regionais, biol\u00f3gicos e sazonais;<\/li>\n \t<li>Bem-estar e respeito pelos nossos h\u00f3spedes;<\/li>\n \t<li>Valoriza\u00e7\u00e3o da comunidade e do patrim\u00f3nio local, bem como regional;<\/li>\n \t<li>Qualidade e melhoria cont\u00ednua na presta\u00e7\u00e3o de servi\u00e7o;<\/li>\n<\/ul>\t\t\t\t                            <\/div>\n\t\t                    <\/div>\n        <\/div>\n\t\t<\/div>\n\t\t\t\t<\/div>\n\t\t\t\t\t\t<\/div>\n\t\t\t\t\t<\/div>\n\t\t<\/div>\n\t\t\t\t\t\t\t\t<\/div>\n\t\t\t\t\t<\/div>\n\t\t<\/section>\n\t\t\t\t\t\t\t\t\t<\/div>\n\t\t\t<\/div>\n\t\t\t\t\t<\/div>\n\t\t","protected":false},"excerpt":{"rendered":"<p>Sustentabilidade Pol\u00edtica de Turismo Respons\u00e1vel Twitter Facebook Instagram O Natura Glamping est\u00e1 consciente da import\u00e2ncia de manter um desenvolvimento tur\u00edstico sustent\u00e1vel, assumindo os princ\u00edpios adotados especificamente na Carta Mundial de Turismo Sustent\u00e1vel. O Natura Glamping compromete-se a levar a cabo uma gest\u00e3o sustent\u00e1vel das suas atividades,,mediante a ado\u00e7\u00e3o de compromissos orientados a prevenir, eliminar ou [&hellip;]<\/p>\n","protected":false},"author":6,"featured_media":0,"parent":0,"menu_order":0,"comment_status":"closed","ping_status":"closed","template":"templates\/builder-fullwidth-std.php","meta":[],"_links":{"self":[{"href":"https:\/\/naturaglamping.com\/clone_1\/wp-json\/wp\/v2\/pages\/1234"}],"collection":[{"href":"https:\/\/naturaglamping.com\/clone_1\/wp-json\/wp\/v2\/pages"}],"about":[{"href":"https:\/\/naturaglamping.com\/clone_1\/wp-json\/wp\/v2\/types\/page"}],"author":[{"embeddable":true,"href":"https:\/\/naturaglamping.com\/clone_1\/wp-json\/wp\/v2\/users\/6"}],"replies":[{"embeddable":true,"href":"https:\/\/naturaglamping.com\/clone_1\/wp-json\/wp\/v2\/comments?post=1234"}],"version-history":[{"count":69,"href":"https:\/\/naturaglamping.com\/clone_1\/wp-json\/wp\/v2\/pages\/1234\/revisions"}],"predecessor-version":[{"id":3204,"href":"https:\/\/naturaglamping.com\/clone_1\/wp-json\/wp\/v2\/pages\/1234\/revisions\/3204"}],"wp:attachment":[{"href":"https:\/\/naturaglamping.com\/clone_1\/wp-json\/wp\/v2\/media?parent=1234"}],"curies":[{"name":"wp","href":"https:\/\/api.w.org\/{rel}","templated":true}]}}